0727/(-11). Let j = l - -1374. List the prime factors of j.
3, 7, 19
Let k(j) = 159*j**2 + 92*j**2 + 3*j + 10 - j + j - 14. List the prime factors of k(2).
2, 503
Let m(r) = -r**3 + 40*r**2. Let s be m(40). Suppose -9*c + 3419 + 5599 = s. List the prime factors of c.
2, 3, 167
Let f = 596 + -426. What are the prime factors of (12 - 2) + -4 + f?
2, 11
Suppose b - 4*g = 1497, -1733 - 4288 = -4*b + 5*g. What are the prime factors of 9/90 - b/(-10)?
151
Suppose 0 = -190*g - 217*g + 3141317 + 11067460. What are the prime factors of g?
3, 431
Suppose -k = p - 53260, -106515 = -2*p - 647*k + 644*k. List the prime factors of p.
3, 5, 53, 67
Let h be (-4 + (-3)/(0 + -1))*-9. What are the prime factors of (29 - 73)*((-4)/2 - h)?
2, 11
Let a(q) = q**2 + 49*q - 51. Let z be a(24). Let s = z + -949. List the prime factors of s.
2, 47
Let r(d) = 6*d**3 - 16*d**2 + 2*d - 14. List the prime factors of r(11).
2, 13, 233
Suppose -h + 16 = 3*x, -2*x - 3*h = 2 - 8. Suppose -x*i + 2433 = -537. What are the prime factors of i?
3, 5, 11
Suppose 10*r = 11*r + q - 29157, 5*q + 437395 = 15*r. List the prime factors of r.
13, 2243
Let a(w) = 71*w**2 + 7*w - 80. List the prime factors of a(-9).
2, 701
Let x(f) be the first derivative of 5*f**2 - 22*f + 101. Let p(v) = v + 15. Let u be p(0). List the prime factors of x(u).
2
Let l(x) = 3*x**2 - 15*x + 18. Suppose 0 = -4*g - 0*g - j - 69, -4*j - 4 = 0. Let c be l(g). Suppose -6*o - 4*o = -c. What are the prime factors of o?
2, 3, 19
Let q(g) = -28*g - 3. Let i be q(3). Let w = i - -83. What are the prime factors of ((-169)/2)/(2/w)?
13
Let c(p) = 145*p. Let y be (-8)/(-40) - 56/(-20). List the prime factors of c(y).
3, 5, 29
Let u = -1489 - -882. Let k = -301 - u. List the prime factors of k.
2, 3, 17
Suppose -6289 = -2*r + k, -3*r - 2*r + 15715 = -4*k. List the prime factors of r.
3, 1049
Suppose -8*i + 2486 + 146 = 0. Suppose -1932 = -7*k - i. What are the prime factors of k?
229
Suppose 5*y - 2*s - 16613 = 0, y = 5*s + 1834 + 1484. What are the prime factors of y?
3323
Let h = -338 - -1714. List the prime factors of h.
2, 43
Suppose 19 = -n + 18, a - 6101 = -4*n. List the prime factors of a.
3, 5, 11, 37
Let f = -3600 - -5060. List the prime factors of f/1 - (11 - (1 - -4)).
2, 727
Suppose -401*x - 22136 = -409*x. List the prime factors of x.
2767
Suppose -2*p + 4770 = 2*g, 3*p - 408 = -2*g + 4364. Suppose -5*k = -9*k + u + 1898, 5*k = -4*u + g. What are the prime factors of k?
5, 19
Let k(j) = -51*j + 10*j + 11*j + 40 + 28*j + 27*j + j**2. Suppose -2*g + 7*g - 88 = 4*v, 4*v - 2*g = -100. What are the prime factors of k(v)?
2, 47
Let h = -126 + 130. List the prime factors of 210 + (-19 + 13)/(h/2).
3, 23
Suppose -12406 - 20424 = -454*s + 447*s. What are the prime factors of s?
2, 5, 7, 67
Let n(g) = 13796*g**2 - 4*g + 13. List the prime factors of n(1).
5, 11, 251
Let b = -6246 + 4134. Let k = 3317 + b. What are the prime factors of k?
5, 241
Let u be (-64*4/(-8))/(2/24). Suppose -u = 3*b + 27. Let s = -41 - b. List the prime factors of s.
2, 3
Let y be 44226/30 + 1/(-5). Suppose -250 = 2*a + 2*l - y, 0 = -a - 5*l + 624. What are the prime factors of a?
3, 7, 29
Let v be 3/2 + (-1341)/6. Let u be 1*(v - -3)/(-1). Let r = 313 - u. What are the prime factors of r?
2, 47
Let p be (2 - (-192)/(-104)) + 48/26. Suppose 957 = 4*l + z + 141, 3*z - 408 = -p*l. What are the prime factors of l?
2, 3, 17
Suppose 0 = -a + 4 + 11. Suppose 95 = 2*n + a. Suppose 4*f + b = 169, b - n = f - 2*f. List the prime factors of f.
43
Suppose -8*h = 788 + 724. Let j = -41 - h. What are the prime factors of j?
2, 37
Let k = -452 + 455. Suppose 2*h = 5*h - k*z - 2292, -5*h + 3804 = 3*z. What are the prime factors of h?
2, 3, 127
Let t(c) = 19*c**2 - 10*c - 42. Suppose 232*j - 234*j = 16. List the prime factors of t(j).
2, 3, 11, 19
Suppose -2*t + 36 = 7*t. Suppose t*g + 49 = 5*o, 4*o - g - 18 - 19 = 0. Let w = o - -16. List the prime factors of w.
5
List the prime factors of (8 + 100/(-12))/((-2)/77358).
12893
Let c be (7 + -7 + 1)/(1/6). Suppose -2*b + 1 = -3*p + 13, 0 = p - 4*b + c. Suppose -14 = -s - p. List the prime factors of s.
2
Let d(t) = 56*t**2 - 26*t**2 + 7*t - 15*t + 10 + t**3 - 23*t**2. List the prime factors of d(-6).
2, 47
Suppose n - 2 = -q, 8*n - 4*q = 3*n + 28. Suppose -n*v + 54 = -22. Suppose 5108 = v*k + 548. What are the prime factors of k?
2, 3, 5
Let a = 91 + -88. Suppose -3*m + 2*m = -4*s - 149, 4*s - a*m + 159 = 0. Let n = 188 + s. List the prime factors of n.
2, 19
Let v(o) = -5*o**3 + 4*o**2 - 3*o + 9. Let g be v(3). Let z = 102 + g. Suppose -70 = z*d - 8*d. List the prime factors of d.
2, 7
Let i = 365 - 359. What are the prime factors of ((-2001)/i)/((-15)/30)?
23, 29
Suppose 6*d - 18 = -3*d. Suppose 2*h + 3*h + 11 = 4*y, -3*y = -d*h - 3. Let p = 69 + y. What are the prime factors of p?
2, 17
Suppose j = x + 6369, -x + 20 = 3*x. Let n = j + -4322. Suppose -n = 2*b - 11*b. List the prime factors of b.
2, 3, 19
Let y be (3 + (-8 - -6))*-3124. What are the prime factors of y/(-3) - 16/36*3?
2, 5, 13
List the prime factors of 10*3498 - 9/(72/8).
7, 19, 263
Suppose 13*n - 5 = -5. Suppose -o + 3159 = 5*t + 3*o, n = -3*o - 12. Suppose 5*x = t + 170. List the prime factors of x.
7, 23
Let t(q) = -5*q - 23. Let h be ((-6)/4 - -4)/(2/(-4)). Let n be t(h). Suppose y = 3*z - 223, -3*y + 217 = 3*z + n*y. List the prime factors of z.
2, 37
Suppose -b - 2*b + 4*i - 1036 = 0, 0 = -b + 4*i - 340. Let c = b + 619. List the prime factors of c.
271
Let a(y) = -56544*y + 1582. List the prime factors of a(-1).
2, 29063
Suppose 2*m = -2*m + 44. Suppose -990 = 5*i - m*i. List the prime factors of i/(-10)*(-6 + 0) + 1.
2, 5
Let s be 2/(-5) + 68/(-5). Let o(f) be the second derivative of -8*f**3/3 + 45*f**2/2 - 3319*f. List the prime factors of o(s).
269
Suppose -10*v + 9020 = 18*v - 17216. List the prime factors of v.
937
List the prime factors of ((-168)/22 - -8) + 710739/11.
64613
Let c be -4*1/(4/(-10)). Suppose -5*k + 1431 = 3*i, -i - 12 = -14. Suppose 5*v = 3*j - k, c*v = -j + 5*v + 115. What are the prime factors of j?
2, 5
Let c(x) = 7*x**3 + 3*x**2 - 22*x - 29. List the prime factors of c(7).
5, 11, 43
Suppose -3*y - 10 = 4*c, 0*y - 4*y = -5*c + 34. Let v(p) = 73*p**2 - 8*p - 6. Let s be v(y). What are the prime factors of 4/(-8) - s/(-12)?
2, 3, 37
Suppose 147*y - 2*s = 146*y + 12887, -s - 6 = 0. List the prime factors of y.
5, 103
Let y = 1690 - -2647. What are the prime factors of y?
4337
Let s(f) = -6*f + 39. Suppose -6*h = -8*h + 8. Suppose -n - 7*c + 12 = -2*c, h*n + 32 = -4*c. List the prime factors of s(n).
3, 13
Suppose -t = 4 + 5. Let h be (-2)/t*(4 + 5). Suppose 0 = -d - y + 20, -3*d - h*y = -86 + 29. What are the prime factors of d?
17
Suppose 6472 = p + 3*d, p + 8*d - 9*d = 6464. What are the prime factors of p?
2, 53, 61
Let i(t) = 1236*t**2 + 20*t + 39. List the prime factors of i(-2).
4943
Let w = 13164 - -293. List the prime factors of w.
13457
Let b(h) be the second derivative of -h**5/20 + h**4/2 + 2*h**3 + 4*h**2 + 16*h. Let x be b(7). Let a = 139 - x. List the prime factors of a.
2, 3
Let m(d) = 100*d - 601. What are the prime factors of m(105)?
19, 521
Suppose -3*y - 1152604 = -138*y - 79*y. What are the prime factors of y?
2, 2693
Let u = -21 - -26. Suppose 2*r + 92 = u*b, -3*r - 88 = -b - 4*b. What are the prime factors of (-3)/(-12) - (-1355)/b?
2, 17
Let l(j) = -65*j**3 + 2*j**2 + 9. Let i(p) = 32*p**3 - p**2 - 4. Let o(t) = -13*i(t) - 6*l(t). Let r be (1/2)/(4/(-16)*2). What are the prime factors of o(r)?
5
Let t(a) = 1916*a + 1734. What are the prime factors of t(6)?
2, 3, 5, 7
Let b(l) = 852*l**3 + l**2 + 2*l + 1. Let d be b(-1). Let q = d - -2389. List the prime factors of q.
29, 53
Let v(x) = -2077*x + 6. Let d be v(-1). Suppose 4*o + 158 = -i + 1555, -6*o = -i - d. What are the prime factors of o?
2, 3, 29
Suppose -12*s + 58333 = -108958 + 35987. List the prime factors of s.
2, 5471
Suppose -2*u = f + 4*f + 540, 2*u + 540 = f. Let b(p) = -p**3 - 17*p**2 + 12*p + 33. Let g be b(-17). Let w = g - u. What are the prime factors of w?
3, 11
Let x(s) = s**2 - s - 12. Let j(z) = -1. Let q(d) = -22*j(d) + 2*x(d). Let i be q(2). Let r = i + 38. What are the prime factors of r?
2, 5
Suppose -t - 11 + 13 = 0.